t common factor of 696 and 264?
24
Calculate the highest common divisor of 793 and 61.
61
What is the highest common factor of 112 and 700?
28
Calculate the greatest common factor of 352 and 18568.
88
Calculate the highest common factor of 253 and 451.
11
What is the greatest common factor of 2774 and 38?
38
Calculate the highest common divisor of 12 and 294.
6
Calculate the greatest common divisor of 378 and 162.
54
What is the highest common divisor of 100 and 1250?
50
What is the greatest common divisor of 5658 and 483?
69
Calculate the greatest common divisor of 496 and 6076.
124
What is the highest common divisor of 34714 and 68?
34
What is the greatest common divisor of 126 and 1278?
18
Calculate the highest common factor of 4 and 204.
4
What is the greatest common factor of 120 and 45?
15
Calculate the highest common divisor of 2262 and 234.
78
What is the highest common factor of 181 and 34933?
181
Calculate the greatest common divisor of 483 and 231.
21
Calculate the highest common divisor of 191 and 2674.
191
Calculate the highest common factor of 935 and 440.
55
What is the highest common factor of 216 and 1422?
18
Calculate the greatest common factor of 396 and 638.
22
Calculate the highest common factor of 1952 and 366.
122
Calculate the highest common factor of 255 and 153.
51
Calculate the greatest common factor of 117 and 182.
13
What is the highest common divisor of 10019 and 43?
43
Calculate the greatest common factor of 770 and 364.
14
What is the greatest common divisor of 5396 and 152?
76
What is the highest common divisor of 30 and 2010?
30
Calculate the highest common factor of 49 and 1421.
49
Calculate the highest common divisor of 13 and 1547.
13
Calculate the greatest common divisor of 57 and 247.
19
Calculate the highest common factor of 736 and 64.
32
What is the highest common divisor of 72 and 216?
72
What is the highest common divisor of 14 and 4802?
14
Calculate the greatest common divisor of 2030 and 35.
35
Calculate the greatest common divisor of 213 and 142.
71
Calculate the highest common factor of 22 and 34078.
22
What is the greatest common divisor of 180 and 105?
15
What is the highest common factor of 1410 and 190?
10
Calculate the highest common divisor of 6966 and 172.
86
What is the highest common factor of 2 and 3?
1
Calculate the greatest common divisor of 55 and 880.
55
Calculate the greatest common divisor of 230 and 110.
10
Calculate the highest common factor of 135 and 70.
5
What is the greatest common divisor of 28 and 2016?
28
Calculate the highest common factor of 12 and 36.
12
Calculate the highest common factor of 416 and 78.
26
Calculate the greatest common divisor of 156 and 195.
39
Calculate the greatest common factor of 1100 and 700.
100
What is the highest common divisor of 25113 and 33?
33
What is the greatest common factor of 8 and 26?
2
Calculate the greatest common divisor of 8019 and 22.
11
Calculate the highest common factor of 528 and 176.
176
What is the greatest common factor of 303 and 1717?
101
Calculate the greatest common factor of 675 and 30.
15
What is the greatest common divisor of 2771 and 17?
17
What is the greatest common divisor of 36 and 4?
4
What is the highest common factor of 77 and 66?
11
What is the greatest common divisor of 52 and 9490?
26
Calculate the greatest common divisor of 181 and 4.
1
Calculate the highest common divisor of 128 and 32.
32
Calculate the highest common divisor of 24 and 168.
24
What is the highest common divisor of 39 and 24?
3
Calculate the greatest common factor of 84 and 252.
84
What is the highest common factor of 714 and 28?
14
Calculate the highest common factor of 6670 and 870.
290
Calculate the greatest common factor of 160 and 240.
80
Calculate the greatest common divisor of 72 and 3708.
36
What is the greatest common factor of 24 and 132?
12
Calculate the greatest common factor of 288 and 64.
32
What is the greatest common divisor of 60476 and 52?
52
What is the highest common divisor of 1680 and 714?
42
What is the highest common factor of 15 and 180?
15
What is the highest common divisor of 280 and 896?
56
What is the greatest common divisor of 12640 and 320?
160
What is the highest common divisor of 100 and 1475?
25
What is the greatest common divisor of 288 and 96?
96
What is the greatest common divisor of 105 and 42?
21
Calculate the highest common factor of 384 and 16.
16
Calculate the highest common factor of 80 and 10000.
80
What is the greatest common factor of 192 and 3?
3
Calculate the greatest common divisor of 285 and 30.
15
What is the greatest common factor of 34320 and 468?
156
What is the greatest common divisor of 1244 and 4?
4
What is the greatest common divisor of 117 and 45?
9
What is the greatest common factor of 2988 and 18?
18
What is the highest common divisor of 18147 and 138?
69
What is the highest common factor of 55 and 517?
11
Calculate the highest common factor of 26 and 611.
13
What is the highest common divisor of 364 and 28?
28
What is the highest common divisor of 47 and 1175?
47
What is the greatest common factor of 9424 and 186?
62
What is the highest common divisor of 32 and 2672?
16
Calculate the greatest common divisor of 418 and 494.
38
What is the highest common divisor of 78 and 4069?
13
Calculate the highest common divisor of 31 and 341.
31
What is the greatest common factor of 65 and 845?
65
What is the greatest common divisor of 341 and 231?
11
What is the greatest common factor of 9 and 576?
9
Calculate the greatest common divisor of 9 and 153.
9
What is the highest common divisor of 1359 and 2416?
151
What is the highest common factor of 64713 and 37?
37
What is the highest common factor of 9 and 36?
9
Calculate the greatest common factor of 1725 and 150.
75
Calculate the highest common divisor of 740 and 620.
20
What is the highest common factor of 2275 and 13?
13
Calculate the highest common divisor of 66 and 72930.
66
Calculate the highest common factor of 66 and 44.
22
Calculate the highest common divisor of 3809 and 13.
13
Calculate the greatest common divisor of 15 and 2985.
15
Calculate the greatest common divisor of 192 and 18.
6
Calculate the greatest common factor of 759 and 8602.
253
Calculate the highest common divisor of 837 and 189.
27
What is the highest common divisor of 2 and 1?
1
What is the highest common divisor of 3629 and 38?
19
What is the greatest common divisor of 36 and 348?
12
Calculate the highest common factor of 3088 and 48.
16
What is the highest common divisor of 4 and 3356?
4
What is the greatest common divisor of 91 and 455?
91
Calculate the highest common factor of 117 and 13.
13
Calculate the highest common factor of 1030 and 103.
103
Calculate the highest common factor of 10 and 865.
5
What is the greatest common divisor of 5 and 2785?
5
What is the highest common factor of 40 and 4540?
20
Calculate the greatest common divisor of 156 and 234.
78
What is the greatest common divisor of 18 and 822?
6
Calculate the highest common divisor of 384 and 6784.
128
Calculate the highest common factor of 44 and 58.
2
What is the greatest common factor of 29 and 4553?
29
What is the greatest common divisor of 17 and 1938?
17
What is the highest common factor of 203 and 116?
29
Calculate the greatest common factor of 578 and 272.
34
What is the highest common factor of 126 and 162?
18
Calculate the highest common factor of 15042 and 981.
327
What is the greatest common factor of 1840 and 115?
115
Calculate the greatest common divisor of 234 and 6435.
117
What is the highest common divisor of 438 and 42?
6
Calculate the highest common divisor of 228 and 760.
76
Calculate the highest common factor of 12795 and 15.
15
What is the greatest common divisor of 53 and 3?
1
Calculate the greatest common factor of 735 and 1015.
35
What is the highest common factor of 1452 and 429?
33
What is the greatest common factor of 441 and 147?
147
Calculate the highest common factor of 1357 and 236.
59
Calculate the greatest common factor of 2574 and 110.
22
What is the highest common divisor of 522 and 18?
18
What is the greatest common factor of 1258 and 204?
34
What is the greatest common factor of 57 and 171?
57
What is the greatest common factor of 9 and 69?
3
What 